e units digit of l?
6
Let q = -110 + 77. What is the tens digit of (36/10)/(q/(-220))?
2
Suppose 0 = -2*x + 3*m - 26 + 134, -5*x = 3*m - 291. Suppose 0*k - x = -3*k. What is the units digit of k?
9
Let m be 16 + -1 + -1 + -1. Suppose -5*t + 2*t = -6. Suppose 5*v - m = t. What is the units digit of v?
3
Let s(b) = -b + 5. Let l be s(4). Suppose -24 + l = -4*n + h, -n - 5*h - 10 = 0. What is the units digit of n?
5
Suppose 5*d = -123 + 348. What is the tens digit of d?
4
Suppose 2*u + 2*u - 108 = 0. Suppose 3*o + 12 - u = 0. Suppose -o*j + 2*r + 15 = 0, j + 0*j - 2*r = 3. What is the units digit of j?
3
Let p(r) = r**2 - 15*r - 52. What is the units digit of p(21)?
4
Let a = -4 + 7. Let n(p) = -p**3 + p**2 - p + 2. Let i be n(a). Let o = i + 30. What is the units digit of o?
1
Let b(s) = -s**2 + 23*s - 29. What is the tens digit of b(18)?
6
What is the units digit of (108/(-45))/(1/(-5))?
2
Let l(b) = -3*b + 1. Let u be l(-1). Suppose -100 = -8*s + u*s. What is the units digit of s?
5
Let n = 5 + -3. Let s be ((-17)/n)/(2/(-4)). Suppose -2*o + s + 5 = 0. What is the units digit of o?
1
Let g(w) = 8*w**2 - w. Let m(x) be the second derivative of -x**3/6 + 3*x**2/2 + 4*x. Let i be m(2). What is the units digit of g(i)?
7
Let h(g) = -g**2 - 7*g - 4. Let n be h(-5). Suppose 3*q + 21 = n*q. What is the units digit of q?
7
Suppose u + w + 2 = 0, w - 20 = 6*w. Suppose u*b - 12 = -2*o - 3*o, -o + 2*b = 0. What is the units digit of o?
2
What is the tens digit of (16 + -13)/(6/152)?
7
Let l = -3 + -7. Let t = -7 - l. What is the units digit of t?
3
Suppose -c + 144 = 42. What is the tens digit of c?
0
Let g = 40 - 67. Let n = -16 - g. What is the units digit of n?
1
Suppose 14 = -p + 104. Suppose -2*a = 6*m - m - p, -a + 21 = m. What is the units digit of m?
6
Suppose -6*t + 46 = -2*t - 5*h, -8 = 4*h. What is the units digit of t?
9
Let m = -5 - -10. Suppose -m*b + 13 - 33 = 0. What is the units digit of 6/b*12/(-18)?
1
Let j be ((-2)/4)/(5/50). Let g(z) = -z**2 - 8*z - 7. What is the units digit of g(j)?
8
Suppose -3*u + 32 = -10. What is the tens digit of u?
1
Let r = -21 + 38. Suppose r = o - 13. What is the tens digit of o?
3
Suppose 2*x = 1 + 3. Suppose 0 = -0*s - 4*s + 20. Suppose -s*t + 3 = -x. What is the units digit of t?
1
Let z = 18 + -13. Suppose 0 = z*q + 2*p - 41, -2*q - 6 = -5*q + 5*p. What is the units digit of q?
7
Let m = 7 - -2. Suppose 5*q - 11 = -2*z, 3*z + 2*q - 2 = m. What is the units digit of z?
3
Suppose 2*g - 128 = -2*g. What is the tens digit of (-1 + 3 + g)/2?
1
Let h be (-4)/(-3) + (-2)/6. Let n be 7/4 - (-1)/4. What is the units digit of n*5/h - 2?
8
Let j(h) = -h**2 - 2*h + 5. Let c be j(0). Suppose 9 = c*p - 56. What is the units digit of p?
3
Suppose 2 - 32 = -5*k. Let q = k + 4. Suppose 0 = -3*s - s + 2*j + q, -5*j = 4*s - 17. What is the units digit of s?
3
Let x(d) = d**3 + 3*d**2 - d. Let a be x(-3). Suppose 8 = h + a*h. Let y(v) = 5*v**2 - 4*v + 3. What is the tens digit of y(h)?
1
What is the units digit of -2 - 1*61/(-1)?
9
Let p be (-6 - 3)*1*-1. Let c = 16 - p. What is the units digit of c?
7
Suppose -18*d + 20*d = 70. What is the units digit of d?
5
Suppose -1 = w + 4*i + 4, -2*i = -3*w + 13. Let p be 2*4/8*5. Suppose p*v = -3*x + w - 2, 4*x - 44 = 4*v. What is the units digit of x?
7
Let z be 3/(-2)*92/(-6). Suppose 25 = -2*l + 7*l. Suppose l*o + 10 = 4*f, 3*f - 6*f - 4*o = -z. What is the units digit of f?
5
Let p(o) = -o**3 + 2*o**2 + 11*o - 10*o - 5*o**2. Let l = 2 + -6. What is the tens digit of p(l)?
1
Let r be (4/5)/((-3)/(-15)). Suppose 5*d - 4*n = 2*d - 4, 5*d = -r*n - 60. Let s = 11 + d. What is the units digit of s?
3
Let a(r) = r**2 + r + 3. Let j be a(0). Suppose -5*k + 10 = 0, 0*i + j*k + 15 = 3*i. What is the units digit of i?
7
What is the units digit of 1 - (2 + 0 + -154)?
3
What is the tens digit of 620/12 + (-4)/(-12)?
5
Suppose 2*b + 454 = -s, -s - 3*b + 4*b - 442 = 0. What is the tens digit of s/(-26) - (-4)/(-26)?
1
Let g be (-1)/4 - 845/(-20). Suppose 0*i - i = -g. What is the units digit of i?
2
Let q(y) = 26*y**2 - 3*y + 2. Suppose 2*o - 4*o = -2. What is the tens digit of q(o)?
2
Let t be 2/(-6) - (-74)/(-3). Let f = -7 - t. What is the units digit of f?
8
Suppose -2*i = -4*i - 2. Let k(v) = -12*v**3 - 2*v**2 - 2*v - 1. Let o be k(i). What is the tens digit of (o/3)/(2/6)?
1
Suppose 112 = 6*d - 2*d. What is the tens digit of d?
2
Suppose w + 5 = 6*w. Let k = -17 + 24. Suppose -k = -2*y + w. What is the units digit of y?
4
Suppose -52*m = -49*m - 132. What is the units digit of m?
4
Suppose 4*k + 2*p = -2*p, 3*p = 3*k. Suppose -44 = -4*q - k. What is the units digit of q?
1
Let v = 10 - -4. Suppose 5*f - 2*b + 22 = 0, -6*f = -2*f + 3*b + 36. What is the units digit of f/2 + v - -2?
3
Suppose 2*h - 1 = 7. Suppose 4 = -2*i - 2*s - h, -2*s = 0. What is the units digit of (3/6)/((-2)/i)?
1
Let r(v) = v**3 - 5*v**2 - 7*v - 1. Let z be r(6). Let f = z - -13. What is the units digit of f?
6
Let n = 15 + -5. What is the units digit of n?
0
Let u be ((-2)/6)/((-7)/1155). Suppose -5*z - 15 = -u. What is the units digit of z?
8
Let w(k) = k + 3. Let p be w(-5). What is the units digit of (20 - p)*(-1)/(-2)?
1
Let p = 30 + -5. What is the units digit of p?
5
Let j be 2/3 - (-7)/3. Suppose 73 = j*o - 17. What is the units digit of o?
0
Suppose -p + 0*p = 4. Let z be (-2 + p)*2/(-6). Suppose 0*f + 12 = z*f. What is the units digit of f?
6
Let m = 63 + 58. Let i = m + -85. What is the tens digit of (i/2)/(6/4)?
1
Let v = 28 + -22. What is the units digit of v - (2 - 3 - -4)?
3
Let x(c) = -c**2 - 4*c + 3. Let n be x(-4). Suppose 0 = -3*m + 15 - n. What is the units digit of m?
4
What is the tens digit of 18/(-63) - (-825)/21?
3
Let f be (-6)/(-9) + (-7)/(-3). Suppose 4*a + 1 = -n + 13, 2*n = a - f. Suppose 2*u + 0*u - 27 = 5*h, -2*h - 6 = n. What is the units digit of u?
6
Let t(d) = d - 9. Let u be t(9). Suppose 96 = 3*n + 3*g, u = 5*g + 6 + 4. What is the tens digit of n?
3
Let a(o) = o**2 - 2*o. Let i be a(2). Suppose i = -3*g + 2*g. What is the units digit of (-7)/14*(g + -4)?
2
Let q be -3 - 12 - (0 + -2). Let p(c) = -c**2 - 13*c + 2. What is the units digit of p(q)?
2
Let o be (4 - 2 - 3) + 0. Let v = o - -5. What is the units digit of v?
4
Let w(c) = c**2 + 10*c + 10. Let v be w(-10). Suppose g + v = 2*g. What is the units digit of g?
0
Suppose 3*x = 3 + 6. Suppose -5*k - 2*s = -23, 0*k - 5*s = -x*k - 11. What is the units digit of k?
3
Let o(i) = i**3 - 9*i**2 + 3*i - 10. Let f be o(10). What is the tens digit of ((-6)/8)/((-5)/f)?
1
Suppose 3*g = -g + 496. Suppose 5*t - 3*b = g, 0 = 2*t - b - 51 + 1. What is the units digit of t?
6
Let h(j) = 2 - 2*j**3 + j**3 - 3*j - 4*j**2 + 2*j + 6*j**2. Let n be h(2). Suppose -2*m + m + 11 = n. What is the units digit of m?
1
Let r(j) = 6*j**2 - 9. Let m(c) = 9*c**2 - 13. Let n(q) = 5*m(q) - 7*r(q). What is the units digit of n(2)?
0
Let c be 3 + 1 + -3 + 4. Suppose c*i - 2*i - 63 = 0. What is the units digit of i?
1
Let z be (-4 - -2) + 2 - -1. Let x = z + 9. What is the units digit of x?
0
What is the tens digit of (51/1)/(0 + 1)?
5
Suppose -10 = -2*l + 2. Let v = l - 16. What is the units digit of (12/10)/((-4)/v)?
3
Let d(u) = u**3 - 8*u**2 - 10*u + 12. Let a be d(9). Suppose 4*w + 136 = 4*y, 9*w + 98 = a*y + 4*w. What is the units digit of y?
6
Suppose -4*y = -5*l + 1101, -5*y + 7*y + 882 = 4*l. What is the hundreds digit of l?
2
Let x be -3*(28/6 - 2). Let d = x - -37. What is the units digit of d?
9
Suppose -c - 31 = 5*q, -2*q - c - 15 = 2*c. Let a = -22 + 37. Let x = a + q. What is the units digit of x?
9
Suppose -j = -3*k + 9, -j = -9*k + 4*k + 17. Suppose 2*q + 5*b = b - 6, k*q = -4*b. Suppose q*a - 1 = 17. What is the units digit of a?
6
Suppose 0 = -w - w + 6. Suppose 5*r = -3*z + 3*r + 35, 48 = 4*z + w*r. What is the units digit of z?
9
Suppose -6*q + 130 = -q. Let y = q - 11. What is the units digit of y?
5
Suppose 0*h - 4 = -2*h. Suppose -21 = h*j - 5*j. What is the units digit of j?
7
Let q = 3 + 4. Let w be ((-1)/2)/(1/(-6)). Suppose -q*b + 60 = -w*b. What is the units digit of b?
5
Let t(o) = -o**3 - 2*o + 38. What is the units digit of t(0)?
8
Suppose 11 = -v + 2*j + 3*j, 0 = -v + 2*j + 4. What is the tens digit of ((-24)/v)/((-3)/2